+ 5*z - i = 0. Is z a composite number?
False
Let h = -1317 + 1870. Is h composite?
True
Let g = -5 + 11. Is (g/15)/(1/95) composite?
True
Let d be (-4)/10 + 34/10. Let o be (-2 + d)/(1/2). Is (62/4)/(1/o) prime?
True
Is (-652)/(-14) + (-8)/14 composite?
True
Suppose 4*w + 4*k + 3 = 27, -3*w = -k - 2. Let f(n) = 5*n**w - 2 - n + 3 + 0. Is f(-3) a prime number?
False
Let v = 217 + 735. Let l = -419 + v. Is l composite?
True
Suppose -r - 4*r - 3*z + 5251 = 0, 5*r = -2*z + 5249. Is r a composite number?
False
Suppose -2*o - 106 + 812 = 0. Is o prime?
True
Let b(v) = -v**3 + v**2 - v - 18. Let p be b(0). Suppose -x - 7 = 5. Is p/x*(-356)/(-6) a prime number?
True
Suppose 6*d + 1214 = 5024. Is d a composite number?
True
Let r(k) = 2*k - 4*k + 13 - k + k. Is r(-10) a composite number?
True
Let g(r) = 4*r**2 - 4*r - 7. Suppose 3*o + 2*o = 30. Is g(o) prime?
True
Suppose 0 = b - 2, -225 = 5*l + 5*b + 1090. Is (-1 - l) + 3 + -4 composite?
False
Suppose 0 = 4*u - 0*u - 864. Suppose 2*w = 3*w - u. Suppose 3*g - w = -0*g - 3*h, -3*g = -3*h - 246. Is g a prime number?
False
Suppose 5*d - 3*i + 40 = -0*i, -d + 5*i = 30. Let w be 16/(-40) - (-228)/d. Let f = 99 - w. Is f composite?
True
Let s(k) = -k**3 + 9*k**2 - 9*k + 8. Let q be s(8). Let r(p) = -p + 6. Is r(q) prime?
False
Suppose -3*m = -5*m + 30. Let z = 29 + -19. Let j = z + m. Is j prime?
False
Suppose 1851 + 3186 = 4*l - 3*z, -5*z = 3*l - 3756. Is l a composite number?
True
Let r(m) = -262*m**2 + 2. Let t be r(-3). Is t/(-10) + 6/(-10) a prime number?
False
Suppose -5*d + 7 = -13. Let z(w) = w**2 + 5*w - 2. Let n be z(-6). Suppose d*g + 350 - 86 = n*o, 5*g - 15 = 0. Is o a composite number?
True
Let g = -2811 - -6404. Is g prime?
True
Let f be -14 - (-1)/3*0. Is -1 + 5/((-10)/f) composite?
True
Let b = 6 + -4. Let f be b/9 - (-344)/(-9). Is f/(-5) - (-3)/(-5) a prime number?
True
Is ((-4168)/(-12))/((-2)/(-1))*3 a prime number?
True
Let w be 4/10 - (-43)/5. Let r be ((-24)/w)/((-2)/3). Suppose -187 = -r*o - 39. Is o a prime number?
True
Let x = -119 + 1438. Is x a prime number?
True
Let z = 79 - -31. Let a = z - 42. Let p = -35 + a. Is p a prime number?
False
Let i be (17/(-3))/((-1)/15). Let d = -60 + i. Let o = 44 - d. Is o composite?
False
Suppose 0 = -3*w - 2 + 11. Let d = 6 - w. Suppose 3*r + 3*t - 53 = -t, -2*r + 58 = -d*t. Is r composite?
False
Let g(l) = -l + 1. Let o(p) = 6*p - 7. Let z(v) = 39*g(v) + 6*o(v). Let t be z(-3). Let d = t + 4. Is d a composite number?
True
Suppose 5*w + 23 = -4*l, 2*l - l = 2*w + 4. Is (-3)/(-9) - 632/w a prime number?
True
Let k(a) = a**2 + 2*a - 11. Let p = 19 - 27. Let u be k(p). Is u/1 + (2 - 2) a prime number?
True
Let g(r) = -r - 15. Let q be g(-17). Suppose -3*v - v + 396 = 0. Let p = v - q. Is p prime?
True
Let z(r) = -r**3 - 10*r**2 - 9*r. Let x be z(-9). Suppose -w - 2*w + 489 = x. Is w prime?
True
Let s(l) = -6*l - 4. Let a be s(-3). Let p = 45 - a. Is p a prime number?
True
Let u(j) be the second derivative of -j**4/12 - 11*j**3/6 + 8*j**2 + 3*j. Is u(-12) prime?
False
Let h(b) = -b**2 + 19*b - 9. Let d = 12 - 4. Is h(d) a composite number?
False
Let y = -36 - -126. Let k = 141 - y. Suppose w + k = 262. Is w composite?
False
Let u be (-6)/8 + (-3069)/4. Is (-4)/18 + u/(-54) composite?
True
Let l = -3 - -21. Is 171/l*(15 - 1) prime?
False
Let m(y) = 87*y**2 + y - 1. Is m(1) composite?
True
Suppose 2*m - 3*t + 188 = 0, 5*m - 4*t = t - 460. Let r = m + 159. Is r prime?
True
Let j(m) = 28*m - 3. Let u(h) = 55*h - 5. Let k(o) = 7*j(o) - 3*u(o). Let v(g) = 32*g - 7. Let w(p) = 5*k(p) - 4*v(p). Is w(3) prime?
True
Let w(k) = -k**3 - 8*k**2 - 12*k - 6. Is w(-10) a composite number?
True
Let g be -1 + -4 - (-8 - -5). Is (-376)/(-2) - (-5 - g) a composite number?
False
Let m be (-2)/(-6)*(8 + 1). Suppose m*h - 2*x + 4*x - 205 = 0, 3*x = 5*h - 310. Suppose -k - 4*k + h = 0. Is k composite?
False
Let c = 506 - 106. Let n = c - 141. Is n composite?
True
Let d(j) = 22*j**3 - 3*j**2 + 9*j - 13. Is d(4) composite?
True
Let h = 10 + -5. Suppose -739 = h*o - 2*o + 5*d, -4*o + 5*d = 1032. Is (-2)/(-4) + o/(-2) a prime number?
True
Let j be 24/15 - (-4)/10. Let y = 1 - j. Is 79 + (-2 - (1 + y)) composite?
True
Let a = -32 - 34. Let v = a - -125. Is v a prime number?
True
Suppose -4*k + 740 = -432. Is k a composite number?
False
Let t(h) = 6*h**2 + 11*h - 2. Is t(9) composite?
True
Suppose -5*k = -2*x + 299, 4*k + 0*x = -3*x - 230. Let d be (1 - 2) + 2 - k. Let s = d - 23. Is s a composite number?
False
Let l(p) be the third derivative of p**4/8 + 2*p**3/3 - 2*p**2. Let n be l(-4). Let b = n - -27. Is b prime?
True
Let c(g) = g**3 + 7501. Is c(0) prime?
False
Suppose 0 = -t - 0*t. Suppose -3*p = -t*p - 165. Is p a prime number?
False
Let j = 293 + -84. Is j a composite number?
True
Let g(b) = -122*b + 19. Is g(-5) a prime number?
False
Suppose 2*i = 3*i - 7. Let w be 3354/21 + 2/i. Suppose 5*o - 85 - w = 0. Is o a prime number?
False
Let o(i) = 5*i**2 + 3*i - 3. Let k be o(-3). Suppose -k = -3*p + 60. Is p composite?
False
Let n(r) = -4*r**3 + 10*r**2 + 18*r + 8. Let s(f) = -f**3 + 3*f**2 + 6*f + 3. Let h(i) = 2*n(i) - 7*s(i). Is h(-4) composite?
False
Let s = -384 + 647. Is s a composite number?
False
Suppose 2*r = -4*v - 66, 4*r = -2*v + 2*r - 38. Let m = -3 - v. Is m a composite number?
False
Suppose -8 = -2*l + l. Let j(o) = o**3 - 8*o**2 - 1. Let v be j(l). Is v - (-120)/(-3)*-1 composite?
True
Suppose 3*p - 2868 = u, -p + 2*u = -2*p + 949. Is p a prime number?
False
Let i(p) = -p**2 - 5*p - 1. Let r be i(-2). Suppose 0*s = r*s + 260. Let b = s + 87. Is b prime?
False
Suppose g + 102 + 118 = 0. Let b = -61 - g. Is b composite?
True
Suppose 6*p - 12 = 3*p. Suppose -2*j - 20 + 98 = p*y, -5*j - 47 = -y. Is y a composite number?
True
Let q(l) = l**3 - 10*l**2 - 2*l + 14. Let o be q(10). Is ((-4)/o)/((-2)/(-18)) a composite number?
True
Suppose -3*g + 0*g = 5*s + 90, 4*s - 2*g + 72 = 0. Let m be 86/s + (-6)/27. Is ((-22)/(-4))/(m/(-30)) composite?
True
Let f = 7242 - 1861. Is f a composite number?
False
Let q = 35 - 19. Suppose -4*x + q = 0, -4*x + 431 = 6*m - m. Is m a composite number?
False
Suppose -4*c + 66 = -442. Is c composite?
False
Let f(v) = -2*v - 5. Let l be f(-4). Suppose l*r = y + 155, -2*y + 0 = -8. Is r a composite number?
False
Let s = 6 + -14. Let a = s + 4. Let v(m) = -m**3 - 2*m**2 - 3*m - 5. Is v(a) a composite number?
True
Suppose -n + 6*n = 1450. Suppose 6*k = k + n. Is k prime?
False
Let y = 5 + -1. Let d(s) = -s - 5. Let r be d(y). Let k = r - -30. Is k prime?
False
Let r(b) = 6*b + 2. Let q be r(7). Let w = q - 29. Is w a prime number?
False
Let q = -303 + 1097. Is q composite?
True
Let k = -1413 + 671. Is (k - 3)/(1 + -2) a prime number?
False
Let j = 141 - -246. Let k = j - -104. Is k prime?
True
Suppose 4*f = 18 + 10. Let g = -5 + f. Is 0 + 1 - (g + -14) composite?
False
Suppose 0 = 15*w - 18*w + 24. Suppose 0 = -w*x + 6*x + 102. Is x a prime number?
False
Let q(k) = -k**3 + 2*k + 2. Let p be q(-2). Let g be (45/10)/(p/8). Let m = g - 4. Is m a composite number?
False
Let s(k) = 3*k**2 - 8*k + 5. Let x be s(-7). Let r = x + -293. Let d = -46 - r. Is d prime?
False
Let u(z) = -z**3 + 17*z**2 - 9*z - 6. Is u(16) a composite number?
True
Let c = -25 - 40. Is (c/20)/(2/(-8)) a composite number?
False
Let f = 6 + -13. Let u(a) = -a**3 - 4*a**2 + 10*a + 2. Is u(f) a composite number?
False
Suppose -4*y + 3*m = -212, -y = -0*y + 3*m - 53. Suppose -5*n - 25 = -5*x, 2*x + n - 7 = -3*x. Suppose -y + 7 = -x*t - 4*a, -55 = -3*t + a. Is t composite?
False
Suppose 0 = 4*v - 8*v + 652. Is v composite?
False
Let a(b) = -b + 10. Let q(c) = -9*c**3 - 2*c**2 - 2*c - 1. Let w be q(-1). Let d be a(w). Suppose 85 = 5*j + 5*t, -4*j - d*t = 3*t - 72. Is j composite?
False
Let w be 114/15 + 6/15. Suppose w = 4*k - 0. Suppose -k*n + 0 = -94. Is n composite?
False
Let l be (-1 - 2/(-4))*-8. Suppose -4*j + l*z + 227 = -429, 4*j = 2*z + 654. Is j prime?
True
Let t(b) be the first derivative of 20*b**2 - 3*b + 3. Is t(2) a prime number?
False
Is (67720/(-20))/(0 + -2) prime?
True
Let k(h) = h + 89. Let v(q) = -q**2 + 7*q - 6. Let m be v(6). Is k(m) composite?
False
Let n(a) = -8*a**3 - 2*a**2 - 2*a - 5. Is n(-3) a prime number?
True
Suppose -5*x + 3140 = 5*k, 3*k + 